divided by 3?
0
What is the remainder when (-4 - -3)/((-2)/50) is divided by 9?
7
Suppose h - 3*x = 27, -2*h - 5*x - 4 = -3. Calculate the remainder when 167 is divided by h.
11
Let v(o) be the second derivative of 1/3*o**3 + 0*o**2 + 3*o + 0. Calculate the remainder when v(13) is divided by 7.
5
Let k(j) = 10*j**2 - 2*j - 4. What is the remainder when k(-2) is divided by 28?
12
Let p(v) = -v**2 - 5*v. Let d be p(-4). Suppose d*k - 5*l = 41, -5*k + 21 = -k - l. Suppose -k*r + 147 = 39. Calculate the remainder when r is divided by 14.
13
Let u = 19 + -30. Calculate the remainder when 42 - 1 - (u - -13) is divided by 20.
19
Let u(s) = -2*s**2 + 14*s + 14. Calculate the remainder when u(7) is divided by 11.
3
Let z(c) = c - 1. Let p be z(5). Suppose -2*v = -p*v + 78. What is the remainder when v is divided by 10?
9
Suppose 3*b - 101 = d, 4*d = 5*b - 115 - 44. What is the remainder when b is divided by 18?
17
Let u(v) = v - 1. What is the remainder when 59 is divided by u(13)?
11
Calculate the remainder when 44 is divided by 13 + (-2)/(6/(-9)).
12
Let t(x) = 9*x**3 - 2*x**2 + 2*x - 1. What is the remainder when 31 is divided by t(1)?
7
Let w(i) = i + 4. Let x be w(-7). What is the remainder when (x + 1)/(4/(-14)) is divided by 3?
1
Suppose 10 = -t + 36. What is the remainder when t is divided by 7?
5
Let z be 25/(-3) + 6/(-9). Let n = 36 - z. Suppose 5*g - 49 = 11. What is the remainder when n is divided by g?
9
Let w(d) = -2*d + 128. Let l be w(0). Let h = l + -89. What is the remainder when h is divided by 14?
11
Let m(c) = -9 - c**2 - 3 + 2*c**2 + 7*c. What is the remainder when 22 is divided by m(-9)?
4
Let a be (-4)/1 + -2 + -1. Let b = -3 - a. Suppose d - 7 = 3. What is the remainder when d is divided by b?
2
Let l = -14 + 16. What is the remainder when 2 is divided by l?
0
Let g = 11 - 9. What is the remainder when 72 is divided by 49/g + 2/4?
22
Let l = 47 - 31. Calculate the remainder when 58 is divided by l.
10
Let g(s) = s - 5. Let d be g(0). Let m(r) = -8*r + 4. Calculate the remainder when m(d) is divided by 15.
14
What is the remainder when 586/6 + 34/(-51) is divided by 25?
22
Let u = -20 + 19. Calculate the remainder when (2/(-4) - u)*222 is divided by 28.
27
Let n = 31 - 20. Calculate the remainder when 51 is divided by n.
7
Suppose x + 2*h = 16, h = -3*h. Let p(z) = z**2 - 5*z - 20. Calculate the remainder when p(11) is divided by x.
14
What is the remainder when (-3)/((-2)/104*3) is divided by 27?
25
Let h(p) = -p**2 + 6*p - 2. Let d be h(5). Calculate the remainder when 19 is divided by (44/(-2))/(d - 5).
8
Let j = -7 - -7. Suppose j = 5*w - w - 16. Suppose 37 = w*s - 35. What is the remainder when s is divided by 5?
3
Let s(j) be the third derivative of 5/6*j**3 + 2/15*j**5 + 0*j + 0 + j**2 - 1/120*j**6 + 1/8*j**4. What is the remainder when s(8) is divided by 8?
5
Let b(x) = -9*x**3 + 2*x**2 - 1. Let j be b(-1). Let q be (-4)/j + 33/(-5). Calculate the remainder when (-12)/42 - 240/q is divided by 12.
10
Let c(h) = h**2 - 2*h + 5. Let g(t) = -2*t**2 + t - 5. Let p(z) = -3*c(z) - 2*g(z). What is the remainder when 45 is divided by p(-7)?
13
Let w(n) = -61*n**3 + 2*n + 1. Let l be w(-1). Suppose -4*x = -l - 68. Let v = -40 - -57. Calculate the remainder when x is divided by v.
15
Suppose -2*m = 2*b - 6, 0*m - m - 4*b + 15 = 0. Let p = m - -12. Let w(z) = -z**3 + 8*z**2 + 3*z - 4. What is the remainder when w(8) is divided by p?
9
Let r = 20 - -8. Calculate the remainder when 195 is divided by r.
27
Let w(v) = v**3 + v**2 - 7*v - 5. What is the remainder when 92 is divided by w(4)?
45
Let m(r) = -r**2 + 11*r - 17. What is the remainder when m(6) is divided by 4?
1
Let u = 16 - 3. Calculate the remainder when u is divided by 5.
3
Let t(q) = q**2 + 4*q + 4. Suppose -189*i = -188*i - 5. What is the remainder when i is divided by t(-4)?
1
Let c(w) = w**3 - 8*w**2 - 5*w - 2. Calculate the remainder when (-1*38)/(9 + (-325)/35) is divided by c(9).
31
Suppose -4*y + 34 = 2*l - 2*y, -80 = -4*l + 2*y. What is the remainder when l is divided by 10 - (0 - 0/1)?
9
Let k = -3 + 5. Suppose -k*i = -0*i + 10. Let l(z) = z**3 + 8*z**2 + 8*z + 3. Calculate the remainder when l(i) is divided by 13.
12
Suppose 3*m - 69 = 2*j + 18, -5*m - 3*j + 145 = 0. Calculate the remainder when m is divided by 11.
7
Let n(i) = -9*i. Let t = 209 + -194. What is the remainder when t is divided by n(-1)?
6
Let v be (-15)/10*(-4)/(-3). Calculate the remainder when (-12)/v*45/6 is divided by 12.
9
Calculate the remainder when 8/2 + 88 - -4 is divided by 33.
30
Let r(f) = f + 10. Let b be r(-7). What is the remainder when (4/3)/((-2)/(-3)) is divided by (1 - (5 - 2)) + b?
0
Let z(i) = 2*i - 5. Calculate the remainder when 73 is divided by z(12).
16
Let r(u) = 4*u - 4. Calculate the remainder when 22 is divided by r(3).
6
Suppose n - 3 = 2. Suppose 0*r - r + 18 = 3*y, -2*r + 32 = n*y. Suppose -5*u = -4*b + 11, 3*u - 11 = -4*b + 2*b. What is the remainder when r is divided by b?
2
Let u = -5 - -2. Let m(b) = -b**3 - 4*b**2 - 2*b + 2. Let w be m(u). Calculate the remainder when 16 is divided by ((-9)/4)/(w/4).
7
Suppose -2*k - k + 57 = 0. Suppose -k + 12 = -p. What is the remainder when p is divided by -1 - (6*-1 + 1)?
3
Suppose -3*k = -8*k + 275. Let g be 13*2 - (-3 - -4). Suppose -g = 3*t - 109. Calculate the remainder when k is divided by t.
27
Calculate the remainder when 30 is divided by ((-34)/4 - -3)*-2.
8
Suppose 3*v = -v + 228. What is the remainder when v is divided by 12?
9
Let g(c) = c**3 - 23*c**2 - 24*c + 11. What is the remainder when 87 is divided by g(24)?
10
Let d(n) = -2*n**3 - 9*n**2 - 12*n + 11. Let y(a) = a**3 + 6*a**2 + 8*a - 7. Let x(s) = -5*d(s) - 8*y(s). What is the remainder when 30 is divided by x(3)?
14
Suppose -23 = -q - 3*n, 5*q - 46 - 129 = -3*n. Calculate the remainder when 151 is divided by q.
37
Let d(c) = -2*c - 5. Suppose 95*m - 14 = 94*m. Calculate the remainder when m is divided by d(-5).
4
Suppose 3*l - 4*h = 37, -4*l - 3*h = -2*h - 24. What is the remainder when 12 is divided by l?
5
Calculate the remainder when -2*3/2*(-77)/21 is divided by 7.
4
Suppose -12 = 2*i - 6*i. Suppose i*w = -3*h + 6, -3*w + 3*h + 22 = w. Calculate the remainder when 4 is divided by w.
0
Let n be -3 + (40/2)/2. Suppose n*g + 4*j = 2*g + 130, -4*g = 5*j - 104. What is the remainder when g is divided by 9?
8
Suppose -5*b - n = -3*n - 14, -4*b - 5*n - 2 = 0. Let y = 10 - b. Let l = -5 + y. What is the remainder when l is divided by 2?
1
Let c(z) = 4*z - 6. Let r(f) = 5*f - 5. Let n(d) = 4*c(d) - 5*r(d). Calculate the remainder when n(-3) is divided by 10.
8
Let z(b) = -b**2 - 11*b + 6. Suppose p - 17 = -m - 2, -2*p = -3*m + 65. Calculate the remainder when z(-5) is divided by m.
17
Suppose 2 = -3*t - 22. Let r = t + 9. Suppose -y = -0*y - 1. What is the remainder when y is divided by r?
0
Let i be (5 + -7)/((-4)/6). Suppose -41 = i*x - 4*x. Calculate the remainder when x is divided by 14.
13
Suppose 9*d - 12*d + 102 = 0. Let s(g) = -g**3 + 7*g**2 - 2*g - 6. What is the remainder when d is divided by s(6)?
16
Let n(u) = u**3 + 9*u**2 + 6*u - 2. Let c be n(-8). Suppose 0 = c*x - 15*x + 10. Let o = -30 - -58. Calculate the remainder when o is divided by x.
8
Suppose -45 = -w + 5*g, 3*w - g = 100 - 35. Calculate the remainder when 77 is divided by w.
17
Suppose 2*y = -2*y + 80. Let x be 4/10 - (-72)/y. Suppose x*a = 79 + 9. Calculate the remainder when a is divided by 12.
10
Let a = -9 - -15. Suppose -5 = -5*j + 70. Suppose j = 5*h - 40. Calculate the remainder when h is divided by a.
5
Calculate the remainder when (-252)/(-5) - 2/5 is divided by 13.
11
Let h(l) = l**2 + 10*l + 15. Let p(n) = -n**3 - n**2 - 2. Let s be p(-2). Suppose -3*a = 35 - s. What is the remainder when h(a) is divided by 9?
8
Suppose -13 = -h + 39. Calculate the remainder when h is divided by 19.
14
Suppose -22 - 23 = 3*g. Let d = g + 38. What is the remainder when d is divided by 8?
7
Let h = 20 - 1. Let p(g) = -g**2 - 10*g - 5. Let t be p(-9). What is the remainder when (1 + 21)*10/t is divided by h?
17
Let j(v) = 2*v**2 - 5*v. What is the remainder when j(3) is divided by 1?
0
Let w = -5 + 31. Calculate the remainder when w is divided by 14.
12
Suppose 4*m - 4*y = 228, 0 = 3*m + 3